 - 6 + 3. Give p(h).
1
Let j(i) be the second derivative of 7*i**5/20 + i**4/12 + i**3/3 + i**2/2 + 5*i. Calculate j(-1).
-7
Let r(u) = 14*u**3 + 12*u**2 - 11*u - 14. Let h(y) = -5*y**3 - 4*y**2 + 4*y + 5. Let a(k) = 11*h(k) + 4*r(k). What is a(-3)?
8
Let w(n) = -8*n. Suppose 4*m - 4*z = -24, -m + 2*m = -z + 4. What is w(m)?
8
Let m be (-44)/12 - 2/(-3). Let h(n) = -n**2 - 2*n - 2. Give h(m).
-5
Let q(j) = 4*j - 2*j - 3*j + 2*j. Let t(g) = -g + 1. Let l(c) = -3*q(c) + t(c). Determine l(-1).
5
Let u(r) = -r - 39 + 4*r + 38. Give u(2).
5
Let y be ((-2)/5)/(2/(-10)). Let x = -2 - -5. Let m(v) = -v + x - 2*v - 2. Calculate m(y).
-5
Let h(x) be the first derivative of 3*x**4/2 + x**3/3 + x**2 + x - 2. What is h(-1)?
-6
Let s(c) = -c**2 + 5*c - 5. Suppose 0*l + l - 5*z - 4 = 0, 5*z = 0. Suppose 0 = -4*k + 5*d - 5, 2*k + k + l*d = 35. Give s(k).
-5
Let r(g) = 6*g + 4*g - 9*g - 4*g. What is r(-1)?
3
Suppose 5*d = 4*d. Let q(a) = -a**3 - a**2 - a - 2. Calculate q(d).
-2
Let c(f) = -5*f**2 - 6*f - 3. Let g(u) = -u**2 - u. Let a(p) = -c(p) + 6*g(p). Let n(q) be the first derivative of a(q). Give n(4).
-8
Let x(v) = 13 - 18 + 3 + 8 + v. What is x(8)?
14
Let k(z) be the third derivative of z**8/6720 - z**7/840 + z**6/240 - z**5/120 + z**4/4 + 7*z**2. Let s(p) be the second derivative of k(p). Give s(3).
8
Let w(g) = g**3 - 4*g**2 - 3*g + 2. Let l(f) = -f**3 + 4*f**2 + 4*f - 2. Let x be 1/(((-7)/4)/7). Let a(z) = x*w(z) - 3*l(z). Give a(3).
7
Let x be -1*12/(0 - 2). Let b(i) = i**3 - 7*i**2 + 7*i - 5. Let q be b(x). Let n(h) = -h + 5*h - q - 2*h**2 + 2. Determine n(3).
-5
Let l(c) be the third derivative of 1/2*c**3 + 1/4*c**4 - c**2 + 0 + 0*c - 1/60*c**5. What is l(6)?
3
Let y(u) = -5*u + 2*u - 7*u**2 + u + 1. Determine y(1).
-8
Let i(h) be the third derivative of -h**8/6720 + h**7/630 + h**6/120 + h**5/40 - h**4/12 - h**2. Let n(v) be the second derivative of i(v). Determine n(5).
8
Let p(d) = d**2 - 19. Let t be p(-5). Let f(s) = s - 9. Calculate f(t).
-3
Let b(i) = i + 4. Let u be (-8 + 0)/(4/(-6)). Let m be (-31)/4 - 3/u. Let c be -10*1/m*-4. Determine b(c).
-1
Let b(w) = -w - 3. Let t = 76 - 69. Give b(t).
-10
Let r be (-1)/3*(0 - (2 - 2)). Let i(n) = n + 12. Determine i(r).
12
Suppose -21 = 4*r + 3*d, 3*r + 6 = -5*d - 18. Let u(s) = 3*s + 2*s + s**2 - 5 + 2. Give u(r).
-9
Let h(n) = -n**2 + n + 4. Suppose -3*k + 8 = 2*d, -4*k + 0*d + 3*d = -22. Let j be k/(-28) - 2/(-14). Give h(j).
4
Let p(g) = g**2 - 13*g + 36. Let f be p(8). Let c(s) = -5*s + 2. Determine c(f).
22
Suppose 0 = 4*i - g + 20, 0*i - 4*i - 20 = -3*g. Let s = 3 + i. Let u(l) = l**2 + l - 1. Determine u(s).
1
Let w = 1 - -2. Suppose -i - 2*r + 15 = 0, 15 = -i - w*r + 7*r. Let g(v) = -v - 4. Give g(i).
-9
Let r(s) = -3*s - 4. Let x = 60 - 63. Give r(x).
5
Let b(w) = -w**2 + 2*w + 5. Let h = 42 + -30. Suppose -3*m - 3 + h = y, 11 = -m - 5*y. Calculate b(m).
-3
Let u(s) = -s**2 - 2*s - 4. Let j(v) = v + 19. Let w be j(-16). Suppose 2*k - 8 = 0, 3*c - k + 10 = -w. Determine u(c).
-7
Let l(b) = b - 1. Let i(j) = -2*j + 1. Let m(f) = i(f) + 3*l(f). Calculate m(3).
1
Let d(a) = -a. Let k(b) = -b**2 + b - 1. Let v be k(0). Let h be d(v). Let o(u) = -9*u - 2. Let j(l) = 17*l + 3. Let q(m) = 3*j(m) + 5*o(m). Give q(h).
5
Let n(i) be the third derivative of 0 - 7*i**2 + 0*i - 1/6*i**3 - 1/24*i**4. Calculate n(1).
-2
Let v(r) be the first derivative of 0*r**3 + 1/24*r**4 - 2 - 1/2*r**2 + 0*r. Let d(i) be the second derivative of v(i). Determine d(1).
1
Let y(a) = -4*a + 6. Let l(n) = 5*n - 6. Let g(o) = -5*l(o) - 6*y(o). Let t be g(-9). Let s(k) = -k**2 + 2*k + 2. Calculate s(t).
-1
Let t(l) = 4*l - 4. Let d(y) = -4*y + 4. Let g(o) = 4*d(o) + 5*t(o). Suppose -23*r = -25*r + 8. Determine g(r).
12
Suppose 0 = 2*b + 3 - 13, 3*z = -3*b + 18. Let a be 5 - (-6)/(-2)*z. Let t(d) = -a*d + 5*d - 4*d. Determine t(6).
-6
Let q(n) be the second derivative of n**5/20 - n**4/12 - n**3/6 + 6*n. What is q(-2)?
-10
Let j(q) = 8*q**2 + q - 1. Suppose -4*x + 3 = m, 0 = 4*m - m + 15. Suppose v = -x*v. Let w = v + 1. What is j(w)?
8
Let g be ((-11)/4 + 2)*4. Let f(n) be the first derivative of -n**2/2 + 3*n + 42. Give f(g).
6
Let z be ((-4)/(-5))/(3/15). Let i(v) = z*v**3 + 6*v**2 + 5 - 3*v**3 + 19*v - 12*v. Suppose 6*d + 16 = 2*d. Calculate i(d).
9
Let f(u) be the second derivative of -u**4/12 - 7*u**3/6 - 5*u**2/2 - 2*u. Let p be 3/(-2)*60/18. Give f(p).
5
Let k be 6/15 + (-16)/(-10). Suppose 5*h + 9 = -k*p, -p - 4*h - 12 = h. Let o(n) = -p + 2 - 3 - n. Give o(-5).
1
Suppose -5*a + 2 = -6*a. Let n(f) be the first derivative of -f**4/4 + f**2 + f - 419. Determine n(a).
5
Suppose -5 = -0*l + 5*l. Let g(v) = -v**2 + 7*v + 3. Let n be g(7). Let s(p) = -4*p**3 + 6*p**3 - 1 + 0*p**n - p**3. Calculate s(l).
-2
Let a(m) = m**3 + 3*m**2 + 4*m + 3. Let u(y) = y + 15. Let v be u(-15). Let l(w) = -w**3 - 4*w**2 - 2*w + 2. Let o be l(-2). Let r = v + o. Calculate a(r).
-1
Suppose 4*j - 5*a = 2*j - 25, 4*j + 5*a = 25. Let d(h) = h**3 - h**2 - 4*h + 4. Let z(y) = y + 1. Let i(k) = d(k) + 3*z(k). Calculate i(j).
7
Let d = -9 - -13. Suppose l + l + d = 0. Let m(b) = 2*b**2 + 2*b + 3. What is m(l)?
7
Let u = -14 + 9. Let f(b) = 7*b**2 - b - 7. Let a(q) = -6*q**2 + q + 6. Let t(i) = u*f(i) - 6*a(i). Calculate t(1).
-1
Suppose -o + 5*j = -4, -o + 4*j = -0*j - 4. Let t(b) be the third derivative of -b**4/24 - b**3/6 - 21*b**2. Determine t(o).
-5
Let p(n) = 11*n**3 - n**2 + n. Let v(j) = -j**3 + 5*j**2 + 3*j - 1. Let m be v(6). Let c = m + 20. Determine p(c).
11
Let p(k) = -k - 17. Let i be (0 + 0)*(-5)/15. Give p(i).
-17
Suppose 4*s + 5*q + 38 = s, 20 = -5*q. Let u(l) = -l**2 - 6*l + 3. Determine u(s).
3
Let b be (2 - 0) + 0 - 12. Let j = -8 - b. Let y(n) = -1 + 5 + n**j - 4 + 5*n. What is y(-5)?
0
Let f(n) = 3*n - 2. Let g(r) = r - 6. Let q be g(8). Suppose -5 - 3 = -2*p - q*m, 2 = -2*p + 3*m. Determine f(p).
4
Let i = 12 + -18. Let a(n) be the third derivative of -n**5/60 - 5*n**4/24 + 4*n**3/3 + 2*n**2. Give a(i).
2
Let b(d) = 4*d + 2. Let n be 1*-1*3/1. Let s(t) = -t**2 - 3*t + 3. Let p be s(n). Suppose -p*c - 7 = 4*j + 7, -3*c - 4 = -j. Determine b(j).
-6
Let t(x) = -14*x**3 + 7*x**2 - 4*x + 5. Let v(m) = 5*m**3 - 2*m**2 + m - 2. Let f(o) = -4*t(o) - 11*v(o). Determine f(5).
2
Let d be (3 - 0) + -1 + 5. Let q = -4 + d. Let w(f) = -f + f**3 - q + 3*f + 0 + 4*f**2. What is w(-3)?
0
Let r(c) = 1. Let z(y) = 2*y - 1. Let p be z(3). Let x(o) = -o + 3. Suppose 0 = 3*m - 1 + 4. Let g(t) = m*x(t) + p*r(t). Calculate g(-4).
-2
Let v(w) = -w - 4. Let b be (-2)/(-16) - 33/8 - 4. Give v(b).
4
Let n be ((-3)/(12/8))/2. Let f(k) = 3*k**2 + k + 1. Give f(n).
3
Let x = -125 + 127. Let q(c) = -5*c + 3. What is q(x)?
-7
Let y = -28 + 24. Let l(m) = m**2 + 4*m + 5. What is l(y)?
5
Suppose -44 = -10*g - g. Let s(f) be the second derivative of 0 + 5/6*f**3 - 1/12*f**g + 1/2*f**2 - f. Calculate s(6).
-5
Let k(s) = -s**2 + 5*s + 7. Let t = -34 + 24. Let o = -4 - t. Determine k(o).
1
Let v(t) be the second derivative of -t**4/24 - t**3/2 + 3*t**2 - 3*t. Let j(h) be the first derivative of v(h). What is j(6)?
-9
Let s(j) = 2*j + 6 - 3 - 3*j. Let k be s(0). Let w(n) = 2 + n**3 + 2*n - 2*n**3 - 1 + k*n**2. What is w(4)?
-7
Let s(d) = -d**2 + 3*d + 4. Let x = -4 + 4. Suppose 3*w - 7 + 1 = 0. Suppose -w*v - 5*l = -2*l - 25, v - l = x. Calculate s(v).
-6
Let y = -3 + 5. Let v be 7 + y + -4 - 1. Let d(c) be the second derivative of c**3/3 - 5*c**2/2 + 9*c. Give d(v).
3
Let x = 7 + -13. Let v(z) = z**2 + 4*z - 5. Determine v(x).
7
Suppose 46 = 5*t - 4. Let m be t + -10 - (-1 - -2). Let a(f) be the first derivative of f**3 - f**2/2 - 2. Determine a(m).
4
Let q(s) be the first derivative of -1/3*s**3 + 2 - 2*s - 3/2*s**2. Give q(-4).
-6
Let k(u) be the third derivative of u**4/12 - 3*u**2 - 12. What is k(4)?
8
Let g(c) = 2*c - 7. Let t be g(6). Let f(y) = y**3 - 6*y**2 + 6*y - 4. Let m be f(t). Let i(p) = 2*p. Determine i(m).
2
Let a(r) be the first derivative of 1/2*r**2 - 3 + r - 1/3*r**3. Suppose -3*p - 1 = -4*p. Give a(p).
1
Let f(x) = -6 + 0 + 4*x + 2*x - x**2. Let m be ((-30)/3)/(1 - 3). Give f(m).
-1
Let p(b) = b**3 + 4*b**2 + 2*b + 3. Let n be 2*(3/(-1) - -2). Give p(n).
7
Suppose -3*w + 2*x = 7*x - 24, 0 = 3*w + 2*x - 15. Suppose 0 = 3*n + 3*o + w, 6*n 